{"id":4640,"date":"2020-12-20T15:17:12","date_gmt":"2020-12-20T14:17:12","guid":{"rendered":"http:\/\/www.elevagedupredeissy.ch\/?page_id=4640"},"modified":"2024-09-27T09:03:47","modified_gmt":"2024-09-27T08:03:47","slug":"descendance-de-comete","status":"publish","type":"page","link":"https:\/\/www.elevagedupredeissy.ch\/?page_id=4640","title":{"rendered":"Descendance de Com\u00e8te"},"content":{"rendered":"[vc_row][vc_column][vc_column_text]<a href=\"http:\/\/www.elevagedupredeissy.ch\/?page_id=4135\">[trx_icon icon=\u00a0\u00bbicon-arrowhead7&Prime; align=\u00a0\u00bbleft\u00a0\u00bb size=\u00a0\u00bb18&Prime; bottom=\u00a0\u00bb8&Prime; top=\u00a0\u00bb4&Prime; right=\u00a0\u00bb5&Prime;] Retour aux poulini\u00e8res<\/a>[\/vc_column_text][vc_empty_space height=\u00a0\u00bb30px\u00a0\u00bb][\/vc_column][\/vc_row][vc_row][vc_column width=\u00a0\u00bb5\/12&Prime;][vc_gallery type=\u00a0\u00bbimage_grid\u00a0\u00bb images=\u00a0\u00bb4878&Prime; img_size=\u00a0\u00bblarge\u00a0\u00bb onclick=\u00a0\u00bbimg_link_large\u00a0\u00bb][\/vc_column][vc_column width=\u00a0\u00bb7\/12&Prime;][vc_column_text]\n<h2>Las Vegas du Pr\u00e9 d\u2019Eissy<\/h2>\n<h5>Par Litchy\/Helsinki H.O.\/Novartis<\/h5>\n<p>N\u00e9 le 01.04.2024, m\u00e2le, bai<\/p>\n<p>Pointage \u00e0 6 mois\u00a0: 8\/6\/7[\/vc_column_text][vc_empty_space height=\u00a0\u00bb16px\u00a0\u00bb][vc_gallery type=\u00a0\u00bbimage_grid\u00a0\u00bb images=\u00a0\u00bb4879&Prime; onclick=\u00a0\u00bbimg_link_large\u00a0\u00bb][vc_empty_space height=\u00a0\u00bb16px\u00a0\u00bb][\/vc_column][\/vc_row][vc_row][vc_column][vc_empty_space height=\u00a0\u00bb30px\u00a0\u00bb][vc_separator][vc_empty_space height=\u00a0\u00bb40px\u00a0\u00bb][\/vc_column][\/vc_row][vc_row][vc_column width=\u00a0\u00bb5\/12&Prime;][vc_gallery type=\u00a0\u00bbimage_grid\u00a0\u00bb images=\u00a0\u00bb4664&Prime; img_size=\u00a0\u00bblarge\u00a0\u00bb onclick=\u00a0\u00bbimg_link_large\u00a0\u00bb][\/vc_column][vc_column width=\u00a0\u00bb7\/12&Prime;][vc_column_text]\n<h2>Cap du Pr\u00e9 d&rsquo;Eissy<\/h2>\n<h5>par Cap\u00e9o<\/h5>\n<p>N\u00e9 le 01.04.2020, m\u00e2le<\/p>\n<p>Concours des poulains pointage 8 6 8[\/vc_column_text][vc_empty_space height=\u00a0\u00bb16px\u00a0\u00bb][vc_empty_space height=\u00a0\u00bb16px\u00a0\u00bb][vc_gallery type=\u00a0\u00bbimage_grid\u00a0\u00bb images=\u00a0\u00bb4642&Prime;][\/vc_column][\/vc_row][vc_row][vc_column][vc_empty_space height=\u00a0\u00bb30px\u00a0\u00bb][vc_separator][vc_empty_space height=\u00a0\u00bb40px\u00a0\u00bb][\/vc_column][\/vc_row][vc_row][vc_column width=\u00a0\u00bb5\/12&Prime;][vc_gallery type=\u00a0\u00bbimage_grid\u00a0\u00bb images=\u00a0\u00bb4646&Prime; img_size=\u00a0\u00bblarge\u00a0\u00bb onclick=\u00a0\u00bbimg_link_large\u00a0\u00bb][\/vc_column][vc_column width=\u00a0\u00bb7\/12&Prime;][vc_column_text]\n<h2>Com\u00e9die du Pr\u00e9 d&rsquo;Eissy<\/h2>\n<h5>par Envol<\/h5>\n<p>N\u00e9e le 25.05.2019,\u00a0femelle<br \/>\nPointage concours des poulains\u00a0: 8\u00a07 7[\/vc_column_text][vc_empty_space height=\u00a0\u00bb16px\u00a0\u00bb][vc_empty_space height=\u00a0\u00bb16px\u00a0\u00bb][vc_gallery type=\u00a0\u00bbimage_grid\u00a0\u00bb images=\u00a0\u00bb4645&Prime;][\/vc_column][\/vc_row][vc_row][vc_column][vc_empty_space height=\u00a0\u00bb30px\u00a0\u00bb][vc_column_text]<a href=\"http:\/\/www.elevagedupredeissy.ch\/?page_id=4135\">[trx_icon icon=\u00a0\u00bbicon-arrowhead7&Prime; align=\u00a0\u00bbleft\u00a0\u00bb size=\u00a0\u00bb18&Prime; bottom=\u00a0\u00bb8&Prime; top=\u00a0\u00bb4&Prime; right=\u00a0\u00bb5&Prime;] Retour aux poulini\u00e8res<\/a>[\/vc_column_text][\/vc_column][\/vc_row]\n","protected":false},"excerpt":{"rendered":"[vc_row][vc_column][vc_column_text][trx_icon icon=\u00a0\u00bbicon-arrowhead7&Prime; align=\u00a0\u00bbleft\u00a0\u00bb size=\u00a0\u00bb18&Prime; bottom=\u00a0\u00bb8&Prime; top=\u00a0\u00bb4&Prime; right=\u00a0\u00bb5&Prime;] Retour aux poulini\u00e8res[\/vc_column_text][vc_empty_space height=\u00a0\u00bb30px\u00a0\u00bb][\/vc_column][\/vc_row][vc_row][vc_column width=\u00a0\u00bb5\/12&Prime;][vc_gallery type=\u00a0\u00bbimage_grid\u00a0\u00bb images=\u00a0\u00bb4878&Prime; img_size=\u00a0\u00bblarge\u00a0\u00bb onclick=\u00a0\u00bbimg_link_large\u00a0\u00bb][\/vc_column][vc_column width=\u00a0\u00bb7\/12&Prime;][vc_column_text] Las Vegas du Pr\u00e9 d\u2019Eissy Par Litchy\/Helsinki H.O.\/Novartis N\u00e9 le 01.04.2024, m\u00e2le, bai Pointage \u00e0 6 mois\u00a0: 8\/6\/7[\/vc_column_text][vc_empty_space height=\u00a0\u00bb16px\u00a0\u00bb][vc_gallery type=\u00a0\u00bbimage_grid\u00a0\u00bb images=\u00a0\u00bb4879&Prime; onclick=\u00a0\u00bbimg_link_large\u00a0\u00bb][vc_empty_space height=\u00a0\u00bb16px\u00a0\u00bb][\/vc_column][\/vc_row][vc_row][vc_column][vc_empty_space height=\u00a0\u00bb30px\u00a0\u00bb][vc_separator][vc_empty_space height=\u00a0\u00bb40px\u00a0\u00bb][\/vc_column][\/vc_row][vc_row][vc_column width=\u00a0\u00bb5\/12&Prime;][vc_gallery type=\u00a0\u00bbimage_grid\u00a0\u00bb images=\u00a0\u00bb4664&Prime; img_size=\u00a0\u00bblarge\u00a0\u00bb onclick=\u00a0\u00bbimg_link_large\u00a0\u00bb][\/vc_column][vc_column width=\u00a0\u00bb7\/12&Prime;][vc_column_text] Cap du Pr\u00e9 d&rsquo;Eissy par Cap\u00e9o N\u00e9 [&hellip;]\n","protected":false},"author":1,"featured_media":0,"parent":4091,"menu_order":0,"comment_status":"closed","ping_status":"closed","template":"","meta":[],"_links":{"self":[{"href":"https:\/\/www.elevagedupredeissy.ch\/index.php?rest_route=\/wp\/v2\/pages\/4640"}],"collection":[{"href":"https:\/\/www.elevagedupredeissy.ch\/index.php?rest_route=\/wp\/v2\/pages"}],"about":[{"href":"https:\/\/www.elevagedupredeissy.ch\/index.php?rest_route=\/wp\/v2\/types\/page"}],"author":[{"embeddable":true,"href":"https:\/\/www.elevagedupredeissy.ch\/index.php?rest_route=\/wp\/v2\/users\/1"}],"replies":[{"embeddable":true,"href":"https:\/\/www.elevagedupredeissy.ch\/index.php?rest_route=%2Fwp%2Fv2%2Fcomments&post=4640"}],"version-history":[{"count":5,"href":"https:\/\/www.elevagedupredeissy.ch\/index.php?rest_route=\/wp\/v2\/pages\/4640\/revisions"}],"predecessor-version":[{"id":4880,"href":"https:\/\/www.elevagedupredeissy.ch\/index.php?rest_route=\/wp\/v2\/pages\/4640\/revisions\/4880"}],"up":[{"embeddable":true,"href":"https:\/\/www.elevagedupredeissy.ch\/index.php?rest_route=\/wp\/v2\/pages\/4091"}],"wp:attachment":[{"href":"https:\/\/www.elevagedupredeissy.ch\/index.php?rest_route=%2Fwp%2Fv2%2Fmedia&parent=4640"}],"curies":[{"name":"wp","href":"https:\/\/api.w.org\/{rel}","templated":true}]}}

Descendance de Comète

[vc_row][vc_column][vc_column_text]<a href="http://www.elevagedupredeissy.ch/?page_id=4135">[trx_icon icon= »icon-arrowhead7&Prime; align= »left » size= »18&Prime; bottom= »8&Prime; top= »4&Prime; right= »5&Prime;] Retour aux poulinières</a>[/vc_column_text][vc_empty_space height= »30px »][/vc_column][/vc_row][vc_row][vc_column width= »5/12&Prime;][vc_gallery type= »image_grid » images= »4878&Prime; img_size= »large » onclick= »img_link_large »][/vc_column][vc_column width= »7/12&Prime;][vc_column_text]
<h2>Las Vegas du Pré d’Eissy</h2>
<h5>Par Litchy/Helsinki H.O./Novartis</h5>
<p>Né le 01.04.2024, mâle, bai</p>
<p>Pointage à 6 mois : 8/6/7[/vc_column_text][vc_empty_space height= »16px »][vc_gallery type= »image_grid » images= »4879&Prime; onclick= »img_link_large »][vc_empty_space height= »16px »][/vc_column][/vc_row][vc_row][vc_column][vc_empty_space height= »30px »][vc_separator][vc_empty_space height= »40px »][/vc_column][/vc_row][vc_row][vc_column width= »5/12&Prime;][vc_gallery type= »image_grid » images= »4664&Prime; img_size= »large » onclick= »img_link_large »][/vc_column][vc_column width= »7/12&Prime;][vc_column_text]
<h2>Cap du Pré d&rsquo;Eissy</h2>
<h5>par Capéo</h5>
<p>Né le 01.04.2020, mâle</p>
<p>Concours des poulains pointage 8 6 8[/vc_column_text][vc_empty_space height= »16px »][vc_empty_space height= »16px »][vc_gallery type= »image_grid » images= »4642&Prime;][/vc_column][/vc_row][vc_row][vc_column][vc_empty_space height= »30px »][vc_separator][vc_empty_space height= »40px »][/vc_column][/vc_row][vc_row][vc_column width= »5/12&Prime;][vc_gallery type= »image_grid » images= »4646&Prime; img_size= »large » onclick= »img_link_large »][/vc_column][vc_column width= »7/12&Prime;][vc_column_text]
<h2>Comédie du Pré d&rsquo;Eissy</h2>
<h5>par Envol</h5>
<p>Née le 25.05.2019, femelle<br />
Pointage concours des poulains : 8 7 7[/vc_column_text][vc_empty_space height= »16px »][vc_empty_space height= »16px »][vc_gallery type= »image_grid » images= »4645&Prime;][/vc_column][/vc_row][vc_row][vc_column][vc_empty_space height= »30px »][vc_column_text]<a href="http://www.elevagedupredeissy.ch/?page_id=4135">[trx_icon icon= »icon-arrowhead7&Prime; align= »left » size= »18&Prime; bottom= »8&Prime; top= »4&Prime; right= »5&Prime;] Retour aux poulinières</a>[/vc_column_text][/vc_column][/vc_row]

[vc_row][vc_column][vc_column_text][trx_icon icon= »icon-arrowhead7&Prime; align= »left » size= »18&Prime; bottom= »8&Prime; top= »4&Prime; right= »5&Prime;] Retour aux poulinières[/vc_column_text][vc_empty_space height= »30px »][/vc_column][/vc_row][vc_row][vc_column width= »5/12&Prime;][vc_gallery type= »image_grid » images= »4878&Prime; img_size= »large » onclick= »img_link_large »][/vc_column][vc_column width= »7/12&Prime;][vc_column_text] Las Vegas du Pré d’Eissy Par Litchy/Helsinki H.O./Novartis Né le 01.04.2024, mâle, bai Pointage à 6 mois : 8/6/7[/vc_column_text][vc_empty_space height= »16px »][vc_gallery type= »image_grid » images= »4879&Prime; onclick= »img_link_large »][vc_empty_space height= »16px »][/vc_column][/vc_row][vc_row][vc_column][vc_empty_space height= »30px »][vc_separator][vc_empty_space height= »40px »][/vc_column][/vc_row][vc_row][vc_column width= »5/12&Prime;][vc_gallery type= »image_grid » images= »4664&Prime; img_size= »large » onclick= »img_link_large »][/vc_column][vc_column width= »7/12&Prime;][vc_column_text] Cap du Pré d&rsquo;Eissy par Capéo Né [&hellip;]
