{"id":4305,"date":"2015-08-27T16:41:04","date_gmt":"2015-08-27T15:41:04","guid":{"rendered":"http:\/\/www.elevagedupredeissy.ch\/wordpress\/?page_id=4305"},"modified":"2020-12-02T11:05:26","modified_gmt":"2020-12-02T10:05:26","slug":"chevaux-a-vendre-2","status":"publish","type":"page","link":"https:\/\/www.elevagedupredeissy.ch\/?page_id=4305","title":{"rendered":"Chevaux \u00e0 vendre"},"content":{"rendered":"[vc_row][vc_column][vc_empty_space][vc_column_text]Tous nos poulains sont habitu\u00e9s \u00e0 la manipulation (licol, brosse, tondeuse, donner les pieds,\u2026) et sont men\u00e9s \u00e0 la main. Ils ont tous un certificat d\u2019origine, une puce \u00e9lectronique et un passeport.[\/vc_column_text][vc_empty_space][\/vc_column][\/vc_row][vc_row][vc_column][vc_empty_space height=\u00a0\u00bb30px\u00a0\u00bb][\/vc_column][\/vc_row][vc_row][vc_column width=\u00a0\u00bb5\/12&Prime;][vc_gallery type=\u00a0\u00bbimage_grid\u00a0\u00bb images=\u00a0\u00bb4539&Prime; img_size=\u00a0\u00bblarge\u00a0\u00bb onclick=\u00a0\u00bb\u00a0\u00bb el_class=\u00a0\u00bbgrande_photo\u00a0\u00bb][\/vc_column][vc_column width=\u00a0\u00bb7\/12&Prime;][vc_column_text]\n<h2>Naya de la Vy d\u2019Avenches<\/h2>\n<h5>(Carlson\/N\u00e9co)<\/h5>\n<p>&nbsp;<\/p>\n<p><strong>Vendue<\/strong><\/p>\n<p>N\u00e9e le 10.03.2016<br \/>\nSexe\u00a0: femelle<br \/>\nRobe\u00a0: baie<br \/>\nP\u00e8re\u00a0: Carlson<br \/>\nP\u00e8re de la m\u00e8re\u00a0: N\u00e9co<\/p>\n<p>Jolie pouliche baie avec peu de signalement, tr\u00e8s affectueuse, avec des allures souples et d\u00e9gag\u00e9es.<\/p>\n<p>Note au concours des poulains\u00a0: 8 7 8[\/vc_column_text][\/vc_column][\/vc_row][vc_row][vc_column][vc_empty_space height=\u00a0\u00bb30px\u00a0\u00bb][\/vc_column][\/vc_row][vc_row][vc_column width=\u00a0\u00bb5\/12&Prime;][vc_gallery type=\u00a0\u00bbimage_grid\u00a0\u00bb images=\u00a0\u00bb4501&Prime;][\/vc_column][vc_column width=\u00a0\u00bb7\/12&Prime;][vc_empty_space height=\u00a0\u00bb20px\u00a0\u00bb][\/vc_column][\/vc_row][vc_row][vc_column][vc_empty_space height=\u00a0\u00bb30px\u00a0\u00bb][\/vc_column][vc_column][vc_separator][\/vc_column][\/vc_row][vc_row][vc_column][vc_empty_space height=\u00a0\u00bb30px\u00a0\u00bb][\/vc_column][\/vc_row][vc_row][vc_column width=\u00a0\u00bb5\/12&Prime;][vc_gallery type=\u00a0\u00bbimage_grid\u00a0\u00bb images=\u00a0\u00bb4538&Prime; img_size=\u00a0\u00bblarge\u00a0\u00bb onclick=\u00a0\u00bb\u00a0\u00bb][\/vc_column][vc_column width=\u00a0\u00bb7\/12&Prime;][vc_column_text]\n<h2>Caresse du Pr\u00e9 d\u2019Eissy<\/h2>\n<h5>(Haloa\/Novartis)<\/h5>\n<p>&nbsp;<\/p>\n<p><strong>Vendue<\/strong><\/p>\n<p>N\u00e9e le 28.01.2016<br \/>\nSexe\u00a0: femelle<br \/>\nRobe\u00a0: baie<br \/>\nP\u00e8re\u00a0: Haloa<br \/>\nP\u00e8re de la m\u00e8re\u00a0: Novartis<\/p>\n<p>Tr\u00e8s belle pouliche de tr\u00e8s bon caract\u00e8re avec une magnifique t\u00eate et des allures tr\u00e8s souples et d\u00e9gag\u00e9es<\/p>\n<p>Note au concours des poulains\u00a0: 8 5 9[\/vc_column_text][\/vc_column][\/vc_row][vc_row][vc_column][vc_empty_space height=\u00a0\u00bb30px\u00a0\u00bb][\/vc_column][\/vc_row][vc_row][vc_column width=\u00a0\u00bb5\/12&Prime;][vc_gallery type=\u00a0\u00bbimage_grid\u00a0\u00bb images=\u00a0\u00bb4499&Prime;][\/vc_column][vc_column width=\u00a0\u00bb7\/12&Prime;][vc_empty_space height=\u00a0\u00bb20px\u00a0\u00bb][\/vc_column][\/vc_row][vc_row][vc_column][vc_empty_space height=\u00a0\u00bb30px\u00a0\u00bb][\/vc_column][vc_column][vc_separator][\/vc_column][\/vc_row][vc_row][vc_column][vc_empty_space height=\u00a0\u00bb30px\u00a0\u00bb][\/vc_column][\/vc_row][vc_row][vc_column width=\u00a0\u00bb5\/12&Prime;][vc_gallery type=\u00a0\u00bbimage_grid\u00a0\u00bb images=\u00a0\u00bb4522&Prime; img_size=\u00a0\u00bblarge\u00a0\u00bb onclick=\u00a0\u00bb\u00a0\u00bb][\/vc_column][vc_column width=\u00a0\u00bb7\/12&Prime;][vc_column_text]\n<h2>Nino de la Vy d\u2019Avenches<\/h2>\n<h5>(Nixon\/Cabernet)<\/h5>\n<p>&nbsp;<\/p>\n<p><span style=\"font-weight: bold;\">Vendu<\/span><br \/>\nN\u00e9 le 18.02.2016<br \/>\nSexe\u00a0: m\u00e2le<br \/>\nRobe\u00a0: baie<br \/>\nP\u00e8re\u00a0: Nixon<br \/>\nP\u00e8re de la m\u00e8re\u00a0: Cabernet<\/p>\n<p>Magnifique poulain de tr\u00e8s bon caract\u00e8re typ\u00e9 sport avec peu de signalement et de magnifiques allures.<\/p>\n<p>Note au concours des poulains\u00a0: 8 7 9, 2<sup>e<\/sup> place au CP 2016[\/vc_column_text][\/vc_column][\/vc_row][vc_row][vc_column][vc_empty_space height=\u00a0\u00bb30px\u00a0\u00bb][\/vc_column][\/vc_row][vc_row][vc_column width=\u00a0\u00bb5\/12&Prime;][vc_gallery type=\u00a0\u00bbimage_grid\u00a0\u00bb images=\u00a0\u00bb4504&Prime;][\/vc_column][vc_column width=\u00a0\u00bb7\/12&Prime;][vc_empty_space height=\u00a0\u00bb20px\u00a0\u00bb][\/vc_column][\/vc_row][vc_row][vc_column][vc_empty_space height=\u00a0\u00bb30px\u00a0\u00bb][\/vc_column][vc_column][vc_separator][\/vc_column][\/vc_row][vc_row][vc_column][vc_empty_space height=\u00a0\u00bb30px\u00a0\u00bb][\/vc_column][\/vc_row][vc_row][vc_column width=\u00a0\u00bb5\/12&Prime;][vc_gallery type=\u00a0\u00bbimage_grid\u00a0\u00bb images=\u00a0\u00bb4475&Prime; img_size=\u00a0\u00bblarge\u00a0\u00bb onclick=\u00a0\u00bb\u00a0\u00bb][\/vc_column][vc_column width=\u00a0\u00bb7\/12&Prime;][vc_column_text]\n<h2>Irondelle<\/h2>\n<h5>(Don Fenaco\u2009\/\u2009Ivana par Cajoleur)<\/h5>\n<p>&nbsp;<\/p>\n<p><strong>Vendue<\/strong><br \/>\nN\u00e9e le 02.04.2012<br \/>\n157cm<\/p>\n<p>Tr\u00e8s belle jument de type sport, id\u00e9al pour la selle, allures souples et d\u00e9gag\u00e9es, bon potentiel pour le sport<\/p>\n<p>TET 2015 Avenches\u00a0: 8 7 7, \u00e9quitation 7.4, attelage 7.42, comportement\u00a0: 9[\/vc_column_text][\/vc_column][\/vc_row][vc_row][vc_column][vc_empty_space height=\u00a0\u00bb30px\u00a0\u00bb][\/vc_column][\/vc_row][vc_row][vc_column width=\u00a0\u00bb5\/12&Prime;][vc_gallery type=\u00a0\u00bbimage_grid\u00a0\u00bb images=\u00a0\u00bb4346,4347,4348,4349,4350,4351&Prime;][\/vc_column][vc_column width=\u00a0\u00bb7\/12&Prime;][vc_empty_space height=\u00a0\u00bb20px\u00a0\u00bb][\/vc_column][\/vc_row][vc_row][vc_column][\/vc_column][\/vc_row]\n","protected":false},"excerpt":{"rendered":"[vc_row][vc_column][vc_empty_space][vc_column_text]Tous nos poulains sont habitu\u00e9s \u00e0 la manipulation (licol, brosse, tondeuse, donner les pieds,\u2026) et sont men\u00e9s \u00e0 la main. Ils ont tous un certificat d\u2019origine, une puce \u00e9lectronique et un passeport.[\/vc_column_text][vc_empty_space][\/vc_column][\/vc_row][vc_row][vc_column][vc_empty_space height=\u00a0\u00bb30px\u00a0\u00bb][\/vc_column][\/vc_row][vc_row][vc_column width=\u00a0\u00bb5\/12&Prime;][vc_gallery type=\u00a0\u00bbimage_grid\u00a0\u00bb images=\u00a0\u00bb4539&Prime; img_size=\u00a0\u00bblarge\u00a0\u00bb onclick=\u00a0\u00bb\u00a0\u00bb el_class=\u00a0\u00bbgrande_photo\u00a0\u00bb][\/vc_column][vc_column width=\u00a0\u00bb7\/12&Prime;][vc_column_text] Naya de la Vy d\u2019Avenches (Carlson\/N\u00e9co) &nbsp; Vendue N\u00e9e le 10.03.2016 Sexe\u00a0: femelle Robe\u00a0: baie [&hellip;]\n","protected":false},"author":1,"featured_media":0,"parent":0,"menu_order":0,"comment_status":"closed","ping_status":"closed","template":"","meta":[],"_links":{"self":[{"href":"https:\/\/www.elevagedupredeissy.ch\/index.php?rest_route=\/wp\/v2\/pages\/4305"}],"collection":[{"href":"https:\/\/www.elevagedupredeissy.ch\/index.php?rest_route=\/wp\/v2\/pages"}],"about":[{"href":"https:\/\/www.elevagedupredeissy.ch\/index.php?rest_route=\/wp\/v2\/types\/page"}],"author":[{"embeddable":true,"href":"https:\/\/www.elevagedupredeissy.ch\/index.php?rest_route=\/wp\/v2\/users\/1"}],"replies":[{"embeddable":true,"href":"https:\/\/www.elevagedupredeissy.ch\/index.php?rest_route=%2Fwp%2Fv2%2Fcomments&post=4305"}],"version-history":[{"count":28,"href":"https:\/\/www.elevagedupredeissy.ch\/index.php?rest_route=\/wp\/v2\/pages\/4305\/revisions"}],"predecessor-version":[{"id":4603,"href":"https:\/\/www.elevagedupredeissy.ch\/index.php?rest_route=\/wp\/v2\/pages\/4305\/revisions\/4603"}],"wp:attachment":[{"href":"https:\/\/www.elevagedupredeissy.ch\/index.php?rest_route=%2Fwp%2Fv2%2Fmedia&parent=4305"}],"curies":[{"name":"wp","href":"https:\/\/api.w.org\/{rel}","templated":true}]}}

Chevaux à vendre

[vc_row][vc_column][vc_empty_space][vc_column_text]Tous nos poulains sont habitués à la manipulation (licol, brosse, tondeuse, donner les pieds,…) et sont menés à la main. Ils ont tous un certificat d’origine, une puce électronique et un passeport.[/vc_column_text][vc_empty_space][/vc_column][/vc_row][vc_row][vc_column][vc_empty_space height= »30px »][/vc_column][/vc_row][vc_row][vc_column width= »5/12&Prime;][vc_gallery type= »image_grid » images= »4539&Prime; img_size= »large » onclick= » » el_class= »grande_photo »][/vc_column][vc_column width= »7/12&Prime;][vc_column_text]
<h2>Naya de la Vy d’Avenches</h2>
<h5>(Carlson/Néco)</h5>
<p>&nbsp;</p>
<p><strong>Vendue</strong></p>
<p>Née le 10.03.2016<br />
Sexe : femelle<br />
Robe : baie<br />
Père : Carlson<br />
Père de la mère : Néco</p>
<p>Jolie pouliche baie avec peu de signalement, très affectueuse, avec des allures souples et dégagées.</p>
<p>Note au concours des poulains : 8 7 8[/vc_column_text][/vc_column][/vc_row][vc_row][vc_column][vc_empty_space height= »30px »][/vc_column][/vc_row][vc_row][vc_column width= »5/12&Prime;][vc_gallery type= »image_grid » images= »4501&Prime;][/vc_column][vc_column width= »7/12&Prime;][vc_empty_space height= »20px »][/vc_column][/vc_row][vc_row][vc_column][vc_empty_space height= »30px »][/vc_column][vc_column][vc_separator][/vc_column][/vc_row][vc_row][vc_column][vc_empty_space height= »30px »][/vc_column][/vc_row][vc_row][vc_column width= »5/12&Prime;][vc_gallery type= »image_grid » images= »4538&Prime; img_size= »large » onclick= » »][/vc_column][vc_column width= »7/12&Prime;][vc_column_text]
<h2>Caresse du Pré d’Eissy</h2>
<h5>(Haloa/Novartis)</h5>
<p>&nbsp;</p>
<p><strong>Vendue</strong></p>
<p>Née le 28.01.2016<br />
Sexe : femelle<br />
Robe : baie<br />
Père : Haloa<br />
Père de la mère : Novartis</p>
<p>Très belle pouliche de très bon caractère avec une magnifique tête et des allures très souples et dégagées</p>
<p>Note au concours des poulains : 8 5 9[/vc_column_text][/vc_column][/vc_row][vc_row][vc_column][vc_empty_space height= »30px »][/vc_column][/vc_row][vc_row][vc_column width= »5/12&Prime;][vc_gallery type= »image_grid » images= »4499&Prime;][/vc_column][vc_column width= »7/12&Prime;][vc_empty_space height= »20px »][/vc_column][/vc_row][vc_row][vc_column][vc_empty_space height= »30px »][/vc_column][vc_column][vc_separator][/vc_column][/vc_row][vc_row][vc_column][vc_empty_space height= »30px »][/vc_column][/vc_row][vc_row][vc_column width= »5/12&Prime;][vc_gallery type= »image_grid » images= »4522&Prime; img_size= »large » onclick= » »][/vc_column][vc_column width= »7/12&Prime;][vc_column_text]
<h2>Nino de la Vy d’Avenches</h2>
<h5>(Nixon/Cabernet)</h5>
<p>&nbsp;</p>
<p><span style="font-weight: bold;">Vendu</span><br />
Né le 18.02.2016<br />
Sexe : mâle<br />
Robe : baie<br />
Père : Nixon<br />
Père de la mère : Cabernet</p>
<p>Magnifique poulain de très bon caractère typé sport avec peu de signalement et de magnifiques allures.</p>
<p>Note au concours des poulains : 8 7 9, 2<sup>e</sup> place au CP 2016[/vc_column_text][/vc_column][/vc_row][vc_row][vc_column][vc_empty_space height= »30px »][/vc_column][/vc_row][vc_row][vc_column width= »5/12&Prime;][vc_gallery type= »image_grid » images= »4504&Prime;][/vc_column][vc_column width= »7/12&Prime;][vc_empty_space height= »20px »][/vc_column][/vc_row][vc_row][vc_column][vc_empty_space height= »30px »][/vc_column][vc_column][vc_separator][/vc_column][/vc_row][vc_row][vc_column][vc_empty_space height= »30px »][/vc_column][/vc_row][vc_row][vc_column width= »5/12&Prime;][vc_gallery type= »image_grid » images= »4475&Prime; img_size= »large » onclick= » »][/vc_column][vc_column width= »7/12&Prime;][vc_column_text]
<h2>Irondelle</h2>
<h5>(Don Fenaco / Ivana par Cajoleur)</h5>
<p>&nbsp;</p>
<p><strong>Vendue</strong><br />
Née le 02.04.2012<br />
157cm</p>
<p>Très belle jument de type sport, idéal pour la selle, allures souples et dégagées, bon potentiel pour le sport</p>
<p>TET 2015 Avenches : 8 7 7, équitation 7.4, attelage 7.42, comportement : 9[/vc_column_text][/vc_column][/vc_row][vc_row][vc_column][vc_empty_space height= »30px »][/vc_column][/vc_row][vc_row][vc_column width= »5/12&Prime;][vc_gallery type= »image_grid » images= »4346,4347,4348,4349,4350,4351&Prime;][/vc_column][vc_column width= »7/12&Prime;][vc_empty_space height= »20px »][/vc_column][/vc_row][vc_row][vc_column][/vc_column][/vc_row]

[vc_row][vc_column][vc_empty_space][vc_column_text]Tous nos poulains sont habitués à la manipulation (licol, brosse, tondeuse, donner les pieds,…) et sont menés à la main. Ils ont tous un certificat d’origine, une puce électronique et un passeport.[/vc_column_text][vc_empty_space][/vc_column][/vc_row][vc_row][vc_column][vc_empty_space height= »30px »][/vc_column][/vc_row][vc_row][vc_column width= »5/12&Prime;][vc_gallery type= »image_grid » images= »4539&Prime; img_size= »large » onclick= » » el_class= »grande_photo »][/vc_column][vc_column width= »7/12&Prime;][vc_column_text] Naya de la Vy d’Avenches (Carlson/Néco) &nbsp; Vendue Née le 10.03.2016 Sexe : femelle Robe : baie [&hellip;]
