{"id":4290,"date":"2015-08-27T15:53:08","date_gmt":"2015-08-27T14:53:08","guid":{"rendered":"http:\/\/www.elevagedupredeissy.ch\/wordpress\/?page_id=4290"},"modified":"2021-01-15T12:03:02","modified_gmt":"2021-01-15T11:03:02","slug":"souvenirs-2","status":"publish","type":"page","link":"https:\/\/www.elevagedupredeissy.ch\/?page_id=4290","title":{"rendered":"Souvenirs"},"content":{"rendered":"[vc_row][vc_column width=\u00a0\u00bb5\/12&Prime;][vc_gallery type=\u00a0\u00bbimage_grid\u00a0\u00bb images=\u00a0\u00bb4355&Prime; img_size=\u00a0\u00bblarge\u00a0\u00bb onclick=\u00a0\u00bbimg_link_large\u00a0\u00bb][vc_empty_space height=\u00a0\u00bb20px\u00a0\u00bb][vc_gallery type=\u00a0\u00bbimage_grid\u00a0\u00bb images=\u00a0\u00bb4356,4358,4357&Prime;][\/vc_column][vc_column width=\u00a0\u00bb7\/12&Prime;][vc_column_text]\n<h2>Navina<\/h2>\n<h5>(Neco\u2009\/\u2009Radical\u2009\/\u2009Jericho)<\/h5>\n<p>&nbsp;<\/p>\n<p>N\u00e9e le 25.03.2001<\/p>\n<ul>\n<li>Finaliste promotions CH attelage \u00e0 3, 5 et 6 ans (6\u00e8me rang \u00e0 6 ans)<\/li>\n<li>Jument \u00e9lite sport Stud-book B<\/li>\n<\/ul>\n[\/vc_column_text][vc_empty_space height=\u00a0\u00bb20px\u00a0\u00bb][vc_empty_space height=\u00a0\u00bb20px\u00a0\u00bb][vc_btn title=\u00a0\u00bbVoir la descendance de Navina\u00a0\u00bb shape=\u00a0\u00bbsquare\u00a0\u00bb color=\u00a0\u00bbgreen\u00a0\u00bb link=\u00a0\u00bburl:http%3A%2F%2Fwww.elevagedupredeissy.ch%2F%3Fpage_id%3D4260|title:Descendance%20de%20Navina\u00a0\u00bb][\/vc_column][\/vc_row][vc_row][vc_column][vc_empty_space height=\u00a0\u00bb40px\u00a0\u00bb][vc_separator][vc_empty_space height=\u00a0\u00bb40px\u00a0\u00bb][\/vc_column][\/vc_row][vc_row][vc_column width=\u00a0\u00bb5\/12&Prime;][vc_gallery type=\u00a0\u00bbimage_grid\u00a0\u00bb images=\u00a0\u00bb4392&Prime; img_size=\u00a0\u00bblarge\u00a0\u00bb onclick=\u00a0\u00bbimg_link_large\u00a0\u00bb][\/vc_column][vc_column width=\u00a0\u00bb7\/12&Prime;][vc_column_text]\n<h2>La\u00efka XXII<\/h2>\n<h5>(Hybris\u2009\/\u2009Edmond)<\/h5>\n<p>06.03.1998 &#8211; 25.04.2012<br \/>\nStud-book C<\/p>\n<p><em>\u00ab\u00a0Notre ch\u00e8re La\u00efka nous a quitt\u00e9s, elle s&rsquo;en est all\u00e9e vers de plus vertes prairires.<br \/>\nNous garderons d&rsquo;elle le souvenir d&rsquo;une jument exceptionnelle avec un coeur immense.<br \/>\nElle laisse un grand vide dans nos c\u0153urs.<br \/>\nCh\u00e8re La\u00efka, encore un grand merci pour toutes ces merveilleuses ann\u00e9es pass\u00e9es \u00e0 tes c\u00f4t\u00e9s!\u00a0\u00bb<\/em>[\/vc_column_text][vc_empty_space height=\u00a0\u00bb20px\u00a0\u00bb][vc_separator][vc_empty_space height=\u00a0\u00bb30px\u00a0\u00bb][vc_column_text]\n<h3><u>Descendance<\/u><\/h3>\n<p><strong>Newton du Pr\u00e9\u00a0d&rsquo;Eissy\u00a0<\/strong>(N\u00e9pal\/Hybris), 2011, 8 7 8[\/vc_column_text][vc_gallery type=\u00a0\u00bbimage_grid\u00a0\u00bb images=\u00a0\u00bb4393,4394&Prime;][\/vc_column][\/vc_row][vc_row][vc_column][vc_empty_space height=\u00a0\u00bb40px\u00a0\u00bb][vc_separator][vc_empty_space height=\u00a0\u00bb40px\u00a0\u00bb][\/vc_column][\/vc_row][vc_row][vc_column width=\u00a0\u00bb5\/12&Prime;][vc_gallery type=\u00a0\u00bbimage_grid\u00a0\u00bb images=\u00a0\u00bb4454&Prime; img_size=\u00a0\u00bblarge\u00a0\u00bb onclick=\u00a0\u00bb\u00a0\u00bb][\/vc_column][vc_column width=\u00a0\u00bb7\/12&Prime;][vc_column_text]\n<h2>Nelly<\/h2>\n<h5>(Radical\/J\u00e9richo)<\/h5>\n<p>1984 &#8211; 25.02.2013<br \/>\nM\u00e8re de Navina, une de nos juments poulini\u00e8res<br \/>\nStud-book A<\/p>\n<p><em>\u00ab\u00a0Nelly a rejoint La\u00efka dans sa 30\u00e8me ann\u00e9e de vie. Merci \u00e0 elle pour tous les bons poulains qu&rsquo;elle nous a donn\u00e9s. En effet, nous avons repris l&rsquo;\u00e9levage FM avec elle.<br \/>\nMerci \u00e0 toi, Nelly et bon vent!\u00a0\u00bb<br \/>\n<\/em>[\/vc_column_text][vc_empty_space height=\u00a0\u00bb30px\u00a0\u00bb][trx_title type=\u00a0\u00bb3&Prime; position=\u00a0\u00bbtop\u00a0\u00bb]<u>Descendance<\/u>[\/trx_title][vc_column_text]Nelly a produit 17 poulains dont notre jument d&rsquo;\u00e9levage Navina avec une moyenne de 20\u00a0points\u00a0et a pu prendre une retraite bien m\u00e9rit\u00e9e![\/vc_column_text][\/vc_column][\/vc_row]\n","protected":false},"excerpt":{"rendered":"[vc_row][vc_column width=\u00a0\u00bb5\/12&Prime;][vc_gallery type=\u00a0\u00bbimage_grid\u00a0\u00bb images=\u00a0\u00bb4355&Prime; img_size=\u00a0\u00bblarge\u00a0\u00bb onclick=\u00a0\u00bbimg_link_large\u00a0\u00bb][vc_empty_space height=\u00a0\u00bb20px\u00a0\u00bb][vc_gallery type=\u00a0\u00bbimage_grid\u00a0\u00bb images=\u00a0\u00bb4356,4358,4357&Prime;][\/vc_column][vc_column width=\u00a0\u00bb7\/12&Prime;][vc_column_text] Navina (Neco\u2009\/\u2009Radical\u2009\/\u2009Jericho) &nbsp; N\u00e9e le 25.03.2001 Finaliste promotions CH attelage \u00e0 3, 5 et 6 ans (6\u00e8me rang \u00e0 6 ans) Jument \u00e9lite sport Stud-book B [\/vc_column_text][vc_empty_space height=\u00a0\u00bb20px\u00a0\u00bb][vc_empty_space height=\u00a0\u00bb20px\u00a0\u00bb][vc_btn title=\u00a0\u00bbVoir la descendance de Navina\u00a0\u00bb shape=\u00a0\u00bbsquare\u00a0\u00bb color=\u00a0\u00bbgreen\u00a0\u00bb link=\u00a0\u00bburl:http%3A%2F%2Fwww.elevagedupredeissy.ch%2F%3Fpage_id%3D4260|title:Descendance%20de%20Navina\u00a0\u00bb][\/vc_column][\/vc_row][vc_row][vc_column][vc_empty_space height=\u00a0\u00bb40px\u00a0\u00bb][vc_separator][vc_empty_space height=\u00a0\u00bb40px\u00a0\u00bb][\/vc_column][\/vc_row][vc_row][vc_column width=\u00a0\u00bb5\/12&Prime;][vc_gallery type=\u00a0\u00bbimage_grid\u00a0\u00bb images=\u00a0\u00bb4392&Prime; img_size=\u00a0\u00bblarge\u00a0\u00bb onclick=\u00a0\u00bbimg_link_large\u00a0\u00bb][\/vc_column][vc_column width=\u00a0\u00bb7\/12&Prime;][vc_column_text][&hellip;]\n","protected":false},"author":1,"featured_media":0,"parent":4091,"menu_order":0,"comment_status":"closed","ping_status":"closed","template":"","meta":[],"_links":{"self":[{"href":"https:\/\/www.elevagedupredeissy.ch\/index.php?rest_route=\/wp\/v2\/pages\/4290"}],"collection":[{"href":"https:\/\/www.elevagedupredeissy.ch\/index.php?rest_route=\/wp\/v2\/pages"}],"about":[{"href":"https:\/\/www.elevagedupredeissy.ch\/index.php?rest_route=\/wp\/v2\/types\/page"}],"author":[{"embeddable":true,"href":"https:\/\/www.elevagedupredeissy.ch\/index.php?rest_route=\/wp\/v2\/users\/1"}],"replies":[{"embeddable":true,"href":"https:\/\/www.elevagedupredeissy.ch\/index.php?rest_route=%2Fwp%2Fv2%2Fcomments&post=4290"}],"version-history":[{"count":14,"href":"https:\/\/www.elevagedupredeissy.ch\/index.php?rest_route=\/wp\/v2\/pages\/4290\/revisions"}],"predecessor-version":[{"id":4661,"href":"https:\/\/www.elevagedupredeissy.ch\/index.php?rest_route=\/wp\/v2\/pages\/4290\/revisions\/4661"}],"up":[{"embeddable":true,"href":"https:\/\/www.elevagedupredeissy.ch\/index.php?rest_route=\/wp\/v2\/pages\/4091"}],"wp:attachment":[{"href":"https:\/\/www.elevagedupredeissy.ch\/index.php?rest_route=%2Fwp%2Fv2%2Fmedia&parent=4290"}],"curies":[{"name":"wp","href":"https:\/\/api.w.org\/{rel}","templated":true}]}}

[vc_row][vc_column width= »5/12&Prime;][vc_gallery type= »image_grid » images= »4355&Prime; img_size= »large » onclick= »img_link_large »][vc_empty_space height= »20px »][vc_gallery type= »image_grid » images= »4356,4358,4357&Prime;][/vc_column][vc_column width= »7/12&Prime;][vc_column_text]
<h2>Navina</h2>
<h5>(Neco / Radical / Jericho)</h5>
<p>&nbsp;</p>
<p>Née le 25.03.2001</p>
<ul>
<li>Finaliste promotions CH attelage à 3, 5 et 6 ans (6ème rang à 6 ans)</li>
<li>Jument élite sport Stud-book B</li>
</ul>
[/vc_column_text][vc_empty_space height= »20px »][vc_empty_space height= »20px »][vc_btn title= »Voir la descendance de Navina » shape= »square » color= »green » link= »url:http%3A%2F%2Fwww.elevagedupredeissy.ch%2F%3Fpage_id%3D4260|title:Descendance%20de%20Navina »][/vc_column][/vc_row][vc_row][vc_column][vc_empty_space height= »40px »][vc_separator][vc_empty_space height= »40px »][/vc_column][/vc_row][vc_row][vc_column width= »5/12&Prime;][vc_gallery type= »image_grid » images= »4392&Prime; img_size= »large » onclick= »img_link_large »][/vc_column][vc_column width= »7/12&Prime;][vc_column_text]
<h2>Laïka XXII</h2>
<h5>(Hybris / Edmond)</h5>
<p>06.03.1998 &#8211; 25.04.2012<br />
Stud-book C</p>
<p><em>« Notre chère Laïka nous a quittés, elle s&rsquo;en est allée vers de plus vertes prairires.<br />
Nous garderons d&rsquo;elle le souvenir d&rsquo;une jument exceptionnelle avec un coeur immense.<br />
Elle laisse un grand vide dans nos cœurs.<br />
Chère Laïka, encore un grand merci pour toutes ces merveilleuses années passées à tes côtés! »</em>[/vc_column_text][vc_empty_space height= »20px »][vc_separator][vc_empty_space height= »30px »][vc_column_text]
<h3><u>Descendance</u></h3>
<p><strong>Newton du Pré d&rsquo;Eissy </strong>(Népal/Hybris), 2011, 8 7 8[/vc_column_text][vc_gallery type= »image_grid » images= »4393,4394&Prime;][/vc_column][/vc_row][vc_row][vc_column][vc_empty_space height= »40px »][vc_separator][vc_empty_space height= »40px »][/vc_column][/vc_row][vc_row][vc_column width= »5/12&Prime;][vc_gallery type= »image_grid » images= »4454&Prime; img_size= »large » onclick= » »][/vc_column][vc_column width= »7/12&Prime;][vc_column_text]
<h2>Nelly</h2>
<h5>(Radical/Jéricho)</h5>
<p>1984 &#8211; 25.02.2013<br />
Mère de Navina, une de nos juments poulinières<br />
Stud-book A</p>
<p><em>« Nelly a rejoint Laïka dans sa 30ème année de vie. Merci à elle pour tous les bons poulains qu&rsquo;elle nous a donnés. En effet, nous avons repris l&rsquo;élevage FM avec elle.<br />
Merci à toi, Nelly et bon vent! »<br />
</em>[/vc_column_text][vc_empty_space height= »30px »][trx_title type= »3&Prime; position= »top »]<u>Descendance</u>[/trx_title][vc_column_text]Nelly a produit 17 poulains dont notre jument d&rsquo;élevage Navina avec une moyenne de 20 points et a pu prendre une retraite bien méritée![/vc_column_text][/vc_column][/vc_row]

[vc_row][vc_column width= »5/12&Prime;][vc_gallery type= »image_grid » images= »4355&Prime; img_size= »large » onclick= »img_link_large »][vc_empty_space height= »20px »][vc_gallery type= »image_grid » images= »4356,4358,4357&Prime;][/vc_column][vc_column width= »7/12&Prime;][vc_column_text] Navina (Neco / Radical / Jericho) &nbsp; Née le 25.03.2001 Finaliste promotions CH attelage à 3, 5 et 6 ans (6ème rang à 6 ans) Jument élite sport Stud-book B [/vc_column_text][vc_empty_space height= »20px »][vc_empty_space height= »20px »][vc_btn title= »Voir la descendance de Navina » shape= »square » color= »green » link= »url:http%3A%2F%2Fwww.elevagedupredeissy.ch%2F%3Fpage_id%3D4260|title:Descendance%20de%20Navina »][/vc_column][/vc_row][vc_row][vc_column][vc_empty_space height= »40px »][vc_separator][vc_empty_space height= »40px »][/vc_column][/vc_row][vc_row][vc_column width= »5/12&Prime;][vc_gallery type= »image_grid » images= »4392&Prime; img_size= »large » onclick= »img_link_large »][/vc_column][vc_column width= »7/12&Prime;][vc_column_text][&hellip;]
