{"id":4171,"date":"2015-08-26T08:15:37","date_gmt":"2015-08-26T07:15:37","guid":{"rendered":"http:\/\/www.elevagedupredeissy.ch\/wordpress\/?page_id=4171"},"modified":"2024-09-19T13:33:20","modified_gmt":"2024-09-19T12:33:20","slug":"production","status":"publish","type":"page","link":"https:\/\/www.elevagedupredeissy.ch\/?page_id=4171","title":{"rendered":"Elevage allaitant"},"content":{"rendered":"[vc_row][vc_column][vc_empty_space height=\u00a0\u00bb22px\u00a0\u00bb][\/vc_column][\/vc_row][vc_row css=\u00a0\u00bb.vc_custom_1726737755572{padding-top: 0px !important;padding-right: 0px !important;padding-bottom: 0px !important;padding-left: 0px !important;}\u00a0\u00bb][vc_column width=\u00a0\u00bb1\/3&Prime;][vc_gallery type=\u00a0\u00bbimage_grid\u00a0\u00bb images=\u00a0\u00bb4200&Prime; img_size=\u00a0\u00bblarge\u00a0\u00bb onclick=\u00a0\u00bb\u00a0\u00bb][vc_empty_space height=\u00a0\u00bb30px\u00a0\u00bb][vc_empty_space height=\u00a0\u00bb22px\u00a0\u00bb][vc_gallery type=\u00a0\u00bbimage_grid\u00a0\u00bb images=\u00a0\u00bb4207,4209,4208,4205,4204,4212&Prime; css=\u00a0\u00bb.vc_custom_1726737797739{margin-top: 0px !important;margin-right: 0px !important;margin-bottom: 0px !important;margin-left: 0px !important;padding-top: 0px !important;padding-right: 0px !important;padding-bottom: 0px !important;padding-left: 0px !important;}\u00a0\u00bb][\/vc_column][vc_column width=\u00a0\u00bb2\/3&Prime;][vc_column_text]\n<h3>Natura-Beef, un label de qualit\u00e9<\/h3>\n<p class=\"p1\">Le principe est simple: les veaux restent avec leur maman jusqu&rsquo;\u00e0 la date de l&rsquo;abattage. En plus du lait de leur m\u00e8re ils re\u00e7oivent des fourrages produits sur l&rsquo;exploitation (foin, ma\u00efs, orge). En \u00e9t\u00e9 ils peuvent gambader dans les parcs et en hiver ils circulent librement dans la stabulation.<\/p>\n<p class=\"p1\">Nous sommes membres de \u00ab\u00a0<a href=\"http:\/\/mutterkuh.ch\/fr\/\" target=\"_blank\" rel=\"noopener noreferrer\">Vache M\u00e8re Suisse <\/a>\u00a0\u00bb et de \u00ab\u00a0<a href=\"http:\/\/www.swiss-limousin.ch\/\" target=\"_blank\" rel=\"noopener noreferrer\">Swiss Limousin <\/a>\u00ab\u00a0<br \/>\nNous commercialisons nos veaux sous le label \u00ab\u00a0<a href=\"http:\/\/mutterkuh.ch\/fr\/viande-issue-de-lelevage-allaitant\/natura-beef\/\" target=\"_blank\" rel=\"noopener noreferrer\">+Natura Beef <\/a>\u00ab\u00a0<br \/>\nNous sommes \u00e9galement titulaires d&rsquo;une licence de vente directe.<\/p>\n<p class=\"p1\">Notre troupeau se compose de 50 vaches limousines et leur veaux et d&rsquo;un taureau limousin.<\/p>\n<p class=\"p1\">Les veaux t\u00e8tent leur maman et re\u00e7oivent en plus une ration de foin, un peu d&rsquo;ensilage de ma\u00efs ainsi que de l&rsquo;orge aplatie \u00e0 la ferme, tous ces fourrages sont produits sur notre exploitation.<\/p>\n<p class=\"p1\">Comme ils sont abattus \u00e0 l&rsquo;\u00e2ge de 10 mois, leur viande se trouve \u00e0 mi-chemin entre le boeuf et le veau, c&rsquo;est-\u00e0-dire tendre comme du veau, savoureuse comme du boeuf.<\/p>\n[\/vc_column_text][vc_empty_space height=\u00a0\u00bb30px\u00a0\u00bb][vc_gallery type=\u00a0\u00bbimage_grid\u00a0\u00bb images=\u00a0\u00bb4788&Prime; img_size=\u00a0\u00bbfull\u00a0\u00bb][\/vc_column][\/vc_row]\n","protected":false},"excerpt":{"rendered":"[vc_row][vc_column][vc_empty_space height=\u00a0\u00bb22px\u00a0\u00bb][\/vc_column][\/vc_row][vc_row css=\u00a0\u00bb.vc_custom_1726737755572{padding-top: 0px !important;padding-right: 0px !important;padding-bottom: 0px !important;padding-left: 0px !important;}\u00a0\u00bb][vc_column width=\u00a0\u00bb1\/3&Prime;][vc_gallery type=\u00a0\u00bbimage_grid\u00a0\u00bb images=\u00a0\u00bb4200&Prime; img_size=\u00a0\u00bblarge\u00a0\u00bb onclick=\u00a0\u00bb\u00a0\u00bb][vc_empty_space height=\u00a0\u00bb30px\u00a0\u00bb][vc_empty_space height=\u00a0\u00bb22px\u00a0\u00bb][vc_gallery type=\u00a0\u00bbimage_grid\u00a0\u00bb images=\u00a0\u00bb4207,4209,4208,4205,4204,4212&Prime; css=\u00a0\u00bb.vc_custom_1726737797739{margin-top: 0px !important;margin-right: 0px !important;margin-bottom: 0px !important;margin-left: 0px !important;padding-top: 0px !important;padding-right: 0px !important;padding-bottom: 0px !important;padding-left: 0px !important;}\u00a0\u00bb][\/vc_column][vc_column width=\u00a0\u00bb2\/3&Prime;][vc_column_text] Natura-Beef, un label de qualit\u00e9 Le principe est simple: les veaux restent avec leur maman jusqu&rsquo;\u00e0 la [&hellip;]\n","protected":false},"author":1,"featured_media":0,"parent":0,"menu_order":0,"comment_status":"closed","ping_status":"closed","template":"","meta":[],"_links":{"self":[{"href":"https:\/\/www.elevagedupredeissy.ch\/index.php?rest_route=\/wp\/v2\/pages\/4171"}],"collection":[{"href":"https:\/\/www.elevagedupredeissy.ch\/index.php?rest_route=\/wp\/v2\/pages"}],"about":[{"href":"https:\/\/www.elevagedupredeissy.ch\/index.php?rest_route=\/wp\/v2\/types\/page"}],"author":[{"embeddable":true,"href":"https:\/\/www.elevagedupredeissy.ch\/index.php?rest_route=\/wp\/v2\/users\/1"}],"replies":[{"embeddable":true,"href":"https:\/\/www.elevagedupredeissy.ch\/index.php?rest_route=%2Fwp%2Fv2%2Fcomments&post=4171"}],"version-history":[{"count":20,"href":"https:\/\/www.elevagedupredeissy.ch\/index.php?rest_route=\/wp\/v2\/pages\/4171\/revisions"}],"predecessor-version":[{"id":4838,"href":"https:\/\/www.elevagedupredeissy.ch\/index.php?rest_route=\/wp\/v2\/pages\/4171\/revisions\/4838"}],"wp:attachment":[{"href":"https:\/\/www.elevagedupredeissy.ch\/index.php?rest_route=%2Fwp%2Fv2%2Fmedia&parent=4171"}],"curies":[{"name":"wp","href":"https:\/\/api.w.org\/{rel}","templated":true}]}}

[vc_row][vc_column][vc_empty_space height= »22px »][/vc_column][/vc_row][vc_row css= ».vc_custom_1726737755572{padding-top: 0px !important;padding-right: 0px !important;padding-bottom: 0px !important;padding-left: 0px !important;} »][vc_column width= »1/3&Prime;][vc_gallery type= »image_grid » images= »4200&Prime; img_size= »large » onclick= » »][vc_empty_space height= »30px »][vc_empty_space height= »22px »][vc_gallery type= »image_grid » images= »4207,4209,4208,4205,4204,4212&Prime; css= ».vc_custom_1726737797739{margin-top: 0px !important;margin-right: 0px !important;margin-bottom: 0px !important;margin-left: 0px !important;padding-top: 0px !important;padding-right: 0px !important;padding-bottom: 0px !important;padding-left: 0px !important;} »][/vc_column][vc_column width= »2/3&Prime;][vc_column_text]
<h3>Natura-Beef, un label de qualité</h3>
<p class="p1">Le principe est simple: les veaux restent avec leur maman jusqu&rsquo;à la date de l&rsquo;abattage. En plus du lait de leur mère ils reçoivent des fourrages produits sur l&rsquo;exploitation (foin, maïs, orge). En été ils peuvent gambader dans les parcs et en hiver ils circulent librement dans la stabulation.</p>
<p class="p1">Nous sommes membres de « <a href="http://mutterkuh.ch/fr/" target="_blank" rel="noopener noreferrer">Vache Mère Suisse </a> » et de « <a href="http://www.swiss-limousin.ch/" target="_blank" rel="noopener noreferrer">Swiss Limousin </a>« <br />
Nous commercialisons nos veaux sous le label « <a href="http://mutterkuh.ch/fr/viande-issue-de-lelevage-allaitant/natura-beef/" target="_blank" rel="noopener noreferrer">+Natura Beef </a>« <br />
Nous sommes également titulaires d&rsquo;une licence de vente directe.</p>
<p class="p1">Notre troupeau se compose de 50 vaches limousines et leur veaux et d&rsquo;un taureau limousin.</p>
<p class="p1">Les veaux tètent leur maman et reçoivent en plus une ration de foin, un peu d&rsquo;ensilage de maïs ainsi que de l&rsquo;orge aplatie à la ferme, tous ces fourrages sont produits sur notre exploitation.</p>
<p class="p1">Comme ils sont abattus à l&rsquo;âge de 10 mois, leur viande se trouve à mi-chemin entre le boeuf et le veau, c&rsquo;est-à-dire tendre comme du veau, savoureuse comme du boeuf.</p>
[/vc_column_text][vc_empty_space height= »30px »][vc_gallery type= »image_grid » images= »4788&Prime; img_size= »full »][/vc_column][/vc_row]

[vc_row][vc_column][vc_empty_space height= »22px »][/vc_column][/vc_row][vc_row css= ».vc_custom_1726737755572{padding-top: 0px !important;padding-right: 0px !important;padding-bottom: 0px !important;padding-left: 0px !important;} »][vc_column width= »1/3&Prime;][vc_gallery type= »image_grid » images= »4200&Prime; img_size= »large » onclick= » »][vc_empty_space height= »30px »][vc_empty_space height= »22px »][vc_gallery type= »image_grid » images= »4207,4209,4208,4205,4204,4212&Prime; css= ».vc_custom_1726737797739{margin-top: 0px !important;margin-right: 0px !important;margin-bottom: 0px !important;margin-left: 0px !important;padding-top: 0px !important;padding-right: 0px !important;padding-bottom: 0px !important;padding-left: 0px !important;} »][/vc_column][vc_column width= »2/3&Prime;][vc_column_text] Natura-Beef, un label de qualité Le principe est simple: les veaux restent avec leur maman jusqu&rsquo;à la [&hellip;]
