{"id":4097,"date":"2015-08-25T15:25:41","date_gmt":"2015-08-25T14:25:41","guid":{"rendered":"http:\/\/www.elevagedupredeissy.ch\/wordpress\/?page_id=4097"},"modified":"2024-03-13T11:45:55","modified_gmt":"2024-03-13T10:45:55","slug":"liens","status":"publish","type":"page","link":"https:\/\/www.elevagedupredeissy.ch\/?page_id=4097","title":{"rendered":"Liens"},"content":{"rendered":"[vc_row][vc_column][vc_empty_space height=\u00a0\u00bb10px\u00a0\u00bb][vc_column_text]\n<h3>Sites officiels<\/h3>\n<ul>\n<li><a href=\"http:\/\/mutterkuh.ch\/fr\/\" target=\"_blank\" rel=\"noopener noreferrer\">Vache M\u00e8re Suisse<\/a><\/li>\n<li><a href=\"http:\/\/www.swiss-limousin.ch\/\" target=\"_blank\" rel=\"noopener noreferrer\">Swiss Limousine<\/a><\/li>\n<li><a href=\"http:\/\/www.fm-ch.ch\/fr\" target=\"_blank\" rel=\"noopener noreferrer\">F\u00e9d\u00e9ration Suisse d&rsquo;\u00e9levage du cheval de la race des Franches-Montagnes<\/a><\/li>\n<\/ul>\n[\/vc_column_text][vc_empty_space height=\u00a0\u00bb40px\u00a0\u00bb][vc_empty_space height=\u00a0\u00bb10px\u00a0\u00bb][vc_column_text]\n<h3>Sites priv\u00e9s<\/h3>\n<ul>\n<li><a href=\"https:\/\/belmont-veterinaire.ch\/\" target=\"_blank\" rel=\"noopener noreferrer\">Cabinet V\u00e9t\u00e9rinaire du Belmont<\/a><\/li>\n<li><a href=\"http:\/\/www.jeanchene.e-monsite.com\" target=\"_blank\" rel=\"noopener noreferrer\">Ecurie des Aiges<\/a><\/li>\n<li><a href=\"http:\/\/www.haflinger-noethiger.ch\" target=\"_blank\" rel=\"noopener noreferrer\">Haflinger N\u00f6thiger<\/a><\/li>\n<li><a href=\"http:\/\/www.fermepourtous.ch\" target=\"_blank\" rel=\"noopener noreferrer\">La Ferme pour tous<\/a><\/li>\n<\/ul>\n[\/vc_column_text][\/vc_column][\/vc_row]\n","protected":false},"excerpt":{"rendered":"[vc_row][vc_column][vc_empty_space height=\u00a0\u00bb10px\u00a0\u00bb][vc_column_text] Sites officiels Vache M\u00e8re Suisse Swiss Limousine F\u00e9d\u00e9ration Suisse d&rsquo;\u00e9levage du cheval de la race des Franches-Montagnes [\/vc_column_text][vc_empty_space height=\u00a0\u00bb40px\u00a0\u00bb][vc_empty_space height=\u00a0\u00bb10px\u00a0\u00bb][vc_column_text] Sites priv\u00e9s Cabinet V\u00e9t\u00e9rinaire du Belmont Ecurie des Aiges Haflinger N\u00f6thiger La Ferme pour tous [\/vc_column_text][\/vc_column][\/vc_row]\n","protected":false},"author":1,"featured_media":0,"parent":0,"menu_order":0,"comment_status":"closed","ping_status":"closed","template":"","meta":[],"_links":{"self":[{"href":"https:\/\/www.elevagedupredeissy.ch\/index.php?rest_route=\/wp\/v2\/pages\/4097"}],"collection":[{"href":"https:\/\/www.elevagedupredeissy.ch\/index.php?rest_route=\/wp\/v2\/pages"}],"about":[{"href":"https:\/\/www.elevagedupredeissy.ch\/index.php?rest_route=\/wp\/v2\/types\/page"}],"author":[{"embeddable":true,"href":"https:\/\/www.elevagedupredeissy.ch\/index.php?rest_route=\/wp\/v2\/users\/1"}],"replies":[{"embeddable":true,"href":"https:\/\/www.elevagedupredeissy.ch\/index.php?rest_route=%2Fwp%2Fv2%2Fcomments&post=4097"}],"version-history":[{"count":7,"href":"https:\/\/www.elevagedupredeissy.ch\/index.php?rest_route=\/wp\/v2\/pages\/4097\/revisions"}],"predecessor-version":[{"id":4778,"href":"https:\/\/www.elevagedupredeissy.ch\/index.php?rest_route=\/wp\/v2\/pages\/4097\/revisions\/4778"}],"wp:attachment":[{"href":"https:\/\/www.elevagedupredeissy.ch\/index.php?rest_route=%2Fwp%2Fv2%2Fmedia&parent=4097"}],"curies":[{"name":"wp","href":"https:\/\/api.w.org\/{rel}","templated":true}]}}

[vc_row][vc_column][vc_empty_space height= »10px »][vc_column_text]
<h3>Sites officiels</h3>
<ul>
<li><a href="http://mutterkuh.ch/fr/" target="_blank" rel="noopener noreferrer">Vache Mère Suisse</a></li>
<li><a href="http://www.swiss-limousin.ch/" target="_blank" rel="noopener noreferrer">Swiss Limousine</a></li>
<li><a href="http://www.fm-ch.ch/fr" target="_blank" rel="noopener noreferrer">Fédération Suisse d&rsquo;élevage du cheval de la race des Franches-Montagnes</a></li>
</ul>
[/vc_column_text][vc_empty_space height= »40px »][vc_empty_space height= »10px »][vc_column_text]
<h3>Sites privés</h3>
<ul>
<li><a href="https://belmont-veterinaire.ch/" target="_blank" rel="noopener noreferrer">Cabinet Vétérinaire du Belmont</a></li>
<li><a href="http://www.jeanchene.e-monsite.com" target="_blank" rel="noopener noreferrer">Ecurie des Aiges</a></li>
<li><a href="http://www.haflinger-noethiger.ch" target="_blank" rel="noopener noreferrer">Haflinger Nöthiger</a></li>
<li><a href="http://www.fermepourtous.ch" target="_blank" rel="noopener noreferrer">La Ferme pour tous</a></li>
</ul>
[/vc_column_text][/vc_column][/vc_row]

[vc_row][vc_column][vc_empty_space height= »10px »][vc_column_text] Sites officiels Vache Mère Suisse Swiss Limousine Fédération Suisse d&rsquo;élevage du cheval de la race des Franches-Montagnes [/vc_column_text][vc_empty_space height= »40px »][vc_empty_space height= »10px »][vc_column_text] Sites privés Cabinet Vétérinaire du Belmont Ecurie des Aiges Haflinger Nöthiger La Ferme pour tous [/vc_column_text][/vc_column][/vc_row]
